 digit of 149228?
2
What is the hundreds digit of 3453522?
5
What is the units digit of 1247836?
6
What is the hundreds digit of 6407516?
5
What is the thousands digit of 2997932?
7
What is the tens digit of 6795088?
8
What is the hundreds digit of 325271?
2
What is the units digit of 361674?
4
What is the ten thousands digit of 8319353?
1
What is the tens digit of 326487?
8
What is the hundreds digit of 831518?
5
What is the units digit of 21492947?
7
What is the hundred thousands digit of 7173590?
1
What is the hundred thousands digit of 19178113?
1
What is the ten thousands digit of 344649?
4
What is the thousands digit of 13067414?
7
What is the hundreds digit of 421825?
8
What is the units digit of 12594317?
7
What is the units digit of 1773670?
0
What is the thousands digit of 310051?
0
What is the hundred thousands digit of 13156348?
1
What is the ten thousands digit of 55416?
5
What is the ten thousands digit of 9142167?
4
What is the hundreds digit of 626082?
0
What is the units digit of 1169207?
7
What is the hundred thousands digit of 608774?
6
What is the units digit of 12731106?
6
What is the thousands digit of 935701?
5
What is the hundreds digit of 137650?
6
What is the hundred thousands digit of 3766678?
7
What is the units digit of 224646?
6
What is the millions digit of 3108982?
3
What is the units digit of 38655096?
6
What is the thousands digit of 50127?
0
What is the hundreds digit of 2555335?
3
What is the units digit of 89651?
1
What is the hundreds digit of 1025900?
9
What is the thousands digit of 1046634?
6
What is the thousands digit of 3712311?
2
What is the thousands digit of 4144578?
4
What is the ten thousands digit of 857032?
5
What is the hundreds digit of 223380?
3
What is the hundreds digit of 1779337?
3
What is the ten thousands digit of 7674294?
7
What is the tens digit of 669550?
5
What is the units digit of 2366235?
5
What is the ten thousands digit of 1633674?
3
What is the thousands digit of 2125189?
5
What is the ten thousands digit of 14222675?
2
What is the hundreds digit of 1074360?
3
What is the millions digit of 7013817?
7
What is the hundred thousands digit of 856714?
8
What is the thousands digit of 783296?
3
What is the hundred thousands digit of 26478939?
4
What is the tens digit of 4327460?
6
What is the tens digit of 250515?
1
What is the thousands digit of 2373055?
3
What is the hundred thousands digit of 726561?
7
What is the thousands digit of 8046?
8
What is the hundreds digit of 215228?
2
What is the hundreds digit of 58636?
6
What is the hundred thousands digit of 204336?
2
What is the millions digit of 3277709?
3
What is the hundred thousands digit of 2531261?
5
What is the tens digit of 8284610?
1
What is the hundred thousands digit of 1709295?
7
What is the millions digit of 3448238?
3
What is the units digit of 463276?
6
What is the hundreds digit of 192931?
9
What is the hundred thousands digit of 9254213?
2
What is the ten thousands digit of 2420016?
2
What is the tens digit of 252097?
9
What is the hundreds digit of 1024903?
9
What is the units digit of 10854689?
9
What is the hundred thousands digit of 165845?
1
What is the units digit of 272892?
2
What is the thousands digit of 258881?
8
What is the tens digit of 313303?
0
What is the millions digit of 15518461?
5
What is the ten millions digit of 16280339?
1
What is the tens digit of 192649?
4
What is the hundreds digit of 819338?
3
What is the hundred thousands digit of 5851657?
8
What is the hundred thousands digit of 397587?
3
What is the hundred thousands digit of 222775?
2
What is the hundreds digit of 4959?
9
What is the ten thousands digit of 8721947?
2
What is the hundreds digit of 2641905?
9
What is the units digit of 2114677?
7
What is the tens digit of 4645777?
7
What is the tens digit of 292306?
0
What is the ten thousands digit of 67488?
6
What is the hundred thousands digit of 1059791?
0
What is the ten thousands digit of 11647547?
4
What is the hundred thousands digit of 2234108?
2
What is the hundred thousands digit of 23053052?
0
What is the thousands digit of 1491585?
1
What is the hundred thousands digit of 8577482?
5
What is the thousands digit of 687214?
7
What is the ten thousands digit of 1382711?
8
What is the tens digit of 981091?
9
What is the units digit of 364703?
3
What is the thousands digit of 340987?
0
What is the ten thousands digit of 1026671?
2
What is the tens digit of 144855?
5
What is the hundred thousands digit of 6322245?
3
What is the thousands digit of 792146?
2
What is the hundred thousands digit of 390589?
3
What is the thousands digit of 2671175?
1
What is the tens digit of 26182271?
7
What is the thousands digit of 265260?
5
What is the units digit of 12780767?
7
What is the hundreds digit of 93491?
4
What is the hundreds digit of 144845?
8
What is the ten thousands digit of 6344177?
4
What is the tens digit of 2510400?
0
What is the hundreds digit of 66386?
3
What is the hundreds digit of 5903665?
6
What is the tens digit of 593293?
9
What is the tens digit of 20287569?
6
What is the units digit of 993237?
7
What is the thousands digit of 19079999?
9
What is the ten thousands digit of 443811?
4
What is the hundreds digit of 2277291?
2
What is the thousands digit of 30132255?
2
What is the millions digit of 1122442?
1
What is the hundreds digit of 25602803?
8
What is the tens digit of 950750?
5
What is the tens digit of 987025?
2
What is the hundred thousands digit of 290918?
2
What is the hundred thousands digit of 1065302?
0
What is the hundred thousands digit of 4554964?
5
What is the thousands digit of 2463060?
3
What is the units digit of 447232?
2
What is the hundred thousands digit of 762678?
7
What is the ten thousands digit of 158016?
5
What is the hundred thousands digit of 1769960?
7
What is the thousands digit of 5461601?
1
What is the ten thousands digit of 12802942?
0
What is the tens digit of 1629354?
5
What is the hundreds digit of 5883009?
0
What is the hundred thousands digit of 2978801?
9
What is the tens digit of 6031906?
0
What is the hundreds digit of 1913933?
9
What is the ten thousands digit of 1413188?
1
What is the ten millions digit of 17491244?
1
What is the units digit of 2184392?
2
What is the units digit of 348077?
7
What is the units digit of 1790008?
8
What is the units digit of 1735533?
3
What is the hundreds digit of 6946090?
0
What is the thousands digit of 9210206?
0
What is the hundreds digit of 14995433?
4
What is the hundreds digit of 177910?
9
What is the units digit of 1712133?
3
What is the units digit of 241846?
6
What is the ten thousands digit of 3039765?
3
What is the units digit of 6325534?
4
What is the ten thousands digit of 153665?
5
What is the millions digit of 18939581?
8
What is the hundred thousands digit of 238152?
2
What is the hundreds digit of 291680?
6
What is the hundred thousands digit of 570743?
5
What is the thousands digit of 258162?
8
What is the ten millions digit of 12704271?
1
What is the units digit of 7779539?
9
What is the ten thousands digit of 4716527?
1
What is the thousands digit of 160509?
0
What is the ten thousands digit of 67839?
6
What is the hundreds digit of 2545801?
8
What is the millions digit of 6404933?
6
What is the thousands digit of 520559?
0
What is the ten thousands digit of 2992396?
9
What is the thousands digit of 880269?
0
What is the units digit of 74006?
6
What is the hundreds digit of 129422?
4
What is the hundreds digit of 207298?
2
What is the thousands digit of 1678346?
8
What is the units digit of 70623?
3
What is the tens digit of 977878?
7
What is the hundreds digit of 851252?
2
What is the units digit of 1716730?
0
What is the tens digit of 173952?
5
What is the hundred thousands digit of 4027183?
0
What is the tens digit of 2959900?
0
What is the hundreds digit of 20102159?
1
What is the hundreds digit of 4048335?
3
What is the hundreds digit of 10902037?
0
What is the hundred thousands digit of 363122?
3
What is the hundred thousands digit of 124827?
1
What is the thousands digit of 204311?
4
What is the thousands digit of 1246698?
6
What is the hundred thousands digit of 2845672?
8
What is the hundreds digit of 1276780?
7
What is the ten thousands digit of 5171919?
7
W